common factor of 1274 and 3328.
26
What is the highest common divisor of 412 and 51500?
412
What is the highest common factor of 86478 and 4002?
174
Calculate the greatest common divisor of 44138 and 4.
2
Calculate the greatest common factor of 40977 and 3297.
471
Calculate the highest common factor of 95 and 2359895.
95
Calculate the highest common factor of 53425 and 25.
25
What is the highest common factor of 198 and 604098?
198
What is the highest common factor of 26 and 196898?
26
Calculate the highest common factor of 7421 and 4879.
41
What is the greatest common factor of 30 and 132690?
30
What is the highest common factor of 3 and 37551?
3
What is the highest common factor of 18957 and 117789?
213
Calculate the greatest common divisor of 37775 and 200.
25
What is the greatest common divisor of 480 and 76620?
60
What is the highest common divisor of 7252 and 84?
28
Calculate the greatest common divisor of 38749 and 1.
1
What is the greatest common divisor of 378 and 430866?
54
Calculate the highest common factor of 11529 and 1701.
189
Calculate the greatest common divisor of 8 and 66616.
8
What is the highest common divisor of 3380894 and 44?
22
What is the highest common divisor of 433616 and 4592?
656
Calculate the greatest common factor of 40932 and 616254.
2274
Calculate the highest common factor of 116757 and 27.
9
What is the greatest common divisor of 110720 and 25?
5
What is the greatest common factor of 572 and 11362?
26
Calculate the highest common divisor of 17842 and 3476.
22
Calculate the greatest common factor of 18 and 906918.
6
Calculate the greatest common divisor of 405 and 4995.
135
Calculate the greatest common factor of 10647 and 10332.
63
Calculate the greatest common divisor of 2193 and 1581.
51
Calculate the greatest common divisor of 107968 and 18144.
224
What is the highest common factor of 255 and 1185?
15
Calculate the greatest common factor of 36 and 186678.
18
What is the greatest common divisor of 396 and 21692?
44
Calculate the greatest common divisor of 381375 and 20.
5
What is the highest common divisor of 3883 and 539?
11
What is the greatest common divisor of 62034 and 1470?
294
Calculate the greatest common divisor of 297115 and 130.
65
What is the highest common divisor of 13 and 1885?
13
What is the greatest common factor of 23046 and 69?
69
What is the highest common factor of 273 and 6531?
21
Calculate the highest common factor of 3240301 and 167.
167
Calculate the highest common factor of 21 and 1407224.
7
Calculate the highest common divisor of 107160 and 19.
19
Calculate the highest common factor of 105087 and 1725.
69
Calculate the greatest common factor of 6050 and 8450.
50
Calculate the highest common divisor of 105 and 831495.
105
Calculate the highest common divisor of 3115 and 90685.
35
Calculate the highest common divisor of 29163 and 51.
3
Calculate the greatest common divisor of 897 and 1131.
39
What is the highest common divisor of 11764 and 229052?
692
Calculate the greatest common factor of 18981 and 243.
27
What is the highest common factor of 55470 and 75?
15
What is the greatest common factor of 2904 and 44220?
132
What is the highest common divisor of 464 and 4337936?
464
Calculate the greatest common divisor of 912 and 21360.
48
Calculate the highest common factor of 864 and 3384.
72
What is the highest common factor of 1227694 and 598?
598
What is the greatest common divisor of 780 and 4017?
39
What is the greatest common factor of 290 and 20329?
29
What is the highest common factor of 122463 and 18?
9
Calculate the highest common divisor of 189 and 7857.
27
What is the greatest common factor of 358 and 40?
2
What is the highest common factor of 636 and 44997?
159
What is the highest common factor of 620 and 6489540?
620
What is the greatest common divisor of 166912 and 160?
32
What is the greatest common factor of 540984 and 72?
24
Calculate the highest common divisor of 301116 and 6.
6
What is the highest common divisor of 102220 and 15602?
538
What is the greatest common divisor of 4 and 45605?
1
Calculate the highest common factor of 70431 and 51.
51
What is the greatest common divisor of 71375 and 17701?
571
What is the greatest common factor of 184366 and 5642?
182
What is the highest common divisor of 57627 and 5301?
171
Calculate the highest common divisor of 37085637 and 23.
23
What is the greatest common factor of 667 and 322759?
23
What is the highest common factor of 50927 and 127?
127
What is the highest common divisor of 4189 and 4779?
59
Calculate the highest common divisor of 251528 and 23.
23
Calculate the highest common factor of 35 and 205385.
5
Calculate the highest common divisor of 1391 and 77682.
107
What is the highest common factor of 1237409 and 2334?
389
Calculate the highest common divisor of 40 and 39860.
20
What is the greatest common factor of 3933 and 117306?
171
What is the highest common factor of 17 and 722?
1
Calculate the highest common factor of 166047 and 483.
21
Calculate the greatest common divisor of 1376 and 264608.
32
What is the highest common divisor of 892 and 56642?
446
What is the greatest common divisor of 7209 and 1863?
81
Calculate the highest common factor of 2764580 and 700.
140
Calculate the highest common factor of 90 and 215046.
18
What is the greatest common factor of 5545619 and 1681?
1681
What is the highest common factor of 119842 and 4?
2
Calculate the greatest common divisor of 14 and 158494.
14
Calculate the highest common divisor of 350 and 462.
14
Calculate the greatest common factor of 1095 and 360.
15
What is the greatest common divisor of 8240 and 216712?
824
Calculate the highest common divisor of 736 and 12256.
32
Calculate the greatest common divisor of 1236420 and 220.
20
Calculate the greatest common factor of 347 and 31.
1
What is the highest common factor of 24 and 296736?
24
What is the highest common factor of 61 and 2273043?
61
What is the greatest common divisor of 399 and 13224?
57
Calculate the greatest common factor of 6589 and 2.
1
What is the highest common factor of 89088 and 165184?
1856
What is the highest common factor of 48792 and 40926?
114
What is the greatest common divisor of 20 and 452310?
10
Calculate the highest common divisor of 198 and 119970.
18
Calculate the greatest common divisor of 2697040 and 160.
80
What is the greatest common divisor of 1365 and 2795?
65
Calculate the greatest common divisor of 15862 and 6314.
154
Calculate the greatest common divisor of 608 and 323.
19
Calculate the greatest common divisor of 360 and 106110.
90
What is the highest common divisor of 568 and 2489970?
142
Calculate the greatest common divisor of 45180 and 210.
30
Calculate the greatest common divisor of 4152510 and 1305.
1305
Calculate the greatest common divisor of 3110757 and 4836.
1209
Calculate the greatest common divisor of 270 and 267948.
54
What is the highest common factor of 4065 and 20?
5
What is the highest common divisor of 84 and 3348?
12
What is the highest common factor of 70245 and 252?
63
Calculate the highest common divisor of 909 and 1788609.
303
What is the highest common factor of 735 and 900?
15
What is the greatest common factor of 6680 and 5000?
40
Calculate the highest common divisor of 370587 and 8673.
147
Calculate the highest common divisor of 1022 and 4606.
14
Calculate the greatest common divisor of 1064 and 50984.
8
Calculate the greatest common divisor of 448 and 601216.
448
What is the greatest common divisor of 308414 and 1158?
386
Calculate the highest common factor of 1338830 and 115.
115
Calculate the highest common factor of 83889 and 78.
39
What is the greatest common factor of 1280 and 530?
10
Calculate the greatest common divisor of 908632 and 159.
53
Calculate the greatest common divisor of 574 and 1712734.
82
Calculate the highest common divisor of 5014177 and 7.
7
What is the greatest common factor of 56372 and 204?
68
What is the highest common factor of 192 and 132096?
192
What is the highest common divisor of 6 and 194190?
6
Calculate the highest common factor of 2464 and 255200.
352
What is the greatest common factor of 770 and 50806?
14
What is the highest common factor of 23610 and 240?
30
What is the greatest common factor of 10498 an